t is 3c50a + 1860?
3dd6a
In base 10, what is 45584 - -58?
45642
In base 15, what is 12ab1a - 0?
12ab1a
In base 16, what is -3af8 - -113a?
-29be
In base 8, what is -10702 - 16642?
-27544
In base 8, what is 11333722 + 232?
11334154
In base 7, what is -121120624 + 0?
-121120624
In base 9, what is -7 + -330245?
-330253
In base 9, what is 20508824 + 6?
20508831
In base 13, what is -a24504 + 3?
-a24501
In base 12, what is 183714 - 10ab?
182625
In base 12, what is -7a73215 - -1?
-7a73214
In base 8, what is 15 + -206561313?
-206561276
In base 6, what is -4443 + -345?
-5232
In base 3, what is 100011 + 22101021111?
22101121122
In base 2, what is -1110011010010 + 10111100111?
-1011011101011
In base 10, what is -7945 - 18?
-7963
In base 13, what is -4 - 3946002c?
-39460033
In base 4, what is -130022021223202 + -11?
-130022021223213
In base 13, what is -481626aa + 3?
-481626a7
In base 7, what is -2 + 12526434?
12526432
In base 9, what is -81472286 + 2?
-81472284
In base 2, what is 11001010010111111111 - 10?
11001010010111111101
In base 15, what is 1e - -e135d?
e137c
In base 4, what is -33003212133133 - -11?
-33003212133122
In base 9, what is -656 - 17604?
-18361
In base 2, what is -100010011010001 + 1010010100101?
-11000000101100
In base 3, what is 11112 + 11102120?
11121002
In base 8, what is 362517335 - 0?
362517335
In base 16, what is 43ad7 - 15?
43ac2
In base 15, what is 673a8 + -c3a?
6666d
In base 11, what is 3a7 + -58625?
-58229
In base 2, what is 1100001000011011001001 - 101100?
1100001000011010011101
In base 12, what is -40311 + 194?
-40139
In base 2, what is 1001 - -111111100011000000?
111111100011001001
In base 16, what is 11 - 11cd66?
-11cd55
In base 16, what is -1a - -755eb?
755d1
In base 3, what is 20101200100210 + -12001?
20101200011202
In base 14, what is 9b776124 - 5?
9b77611d
In base 2, what is 11010111011100101000000010 + -110?
11010111011100100111111100
In base 11, what is 129 - -30150?
30279
In base 15, what is -28216 - -b25?
-275e1
In base 12, what is 1253b018b + -5?
1253b0186
In base 4, what is 330101 + 1221001?
2211102
In base 12, what is 0 + -177231?
-177231
In base 13, what is 5 + b149b9b?
b149ba3
In base 7, what is 4301050332 + -5?
4301050324
In base 15, what is 1ccbb + -25cd?
1a6dd
In base 4, what is -1233 + -1212201211?
-1212203110
In base 3, what is 2101012210000021 - 12?
2101012210000002
In base 9, what is 12 - -102221018?
102221031
In base 11, what is 11144284 - 9?
11144276
In base 8, what is -36702 - -1027?
-35653
In base 10, what is 816 + 13096?
13912
In base 5, what is -114320 - 21241?
-141111
In base 10, what is -6586 + -2145?
-8731
In base 3, what is -1220 + 110010110110?
110010101120
In base 9, what is 306716 - 515?
306201
In base 5, what is 1 + 11120423123?
11120423124
In base 8, what is -35 - -123?
66
In base 11, what is 12 + 2330a4?
233106
In base 16, what is -188e2e2 + 0?
-188e2e2
In base 8, what is -13 - 3207175?
-3207210
In base 8, what is 36144524 + 2?
36144526
In base 4, what is -30 - -22323313123?
22323313033
In base 2, what is -101111000 + 101010011010?
100100100010
In base 12, what is 3374 - a92?
24a2
In base 11, what is 60 - -1124494?
1124544
In base 10, what is -30731 - -2575?
-28156
In base 11, what is -2074a11 - 20?
-2074a31
In base 7, what is 262 - -1252301?
1252563
In base 7, what is -2415 - -45461?
43043
In base 13, what is 4689 + -199?
44c0
In base 10, what is 737327 + 45?
737372
In base 8, what is 1155475765 - 5?
1155475760
In base 11, what is 4140 + -1373?
2878
In base 8, what is -4153422121 + -3?
-4153422124
In base 13, what is -3b2 + -45a7?
-4989
In base 10, what is 1495628 - -8?
1495636
In base 6, what is 1454 - -245242?
251140
In base 8, what is 77605511 + 1?
77605512
In base 8, what is 314 + -3554512?
-3554176
In base 7, what is -1526 - -63611?
62052
In base 8, what is 35157 + -27260?
5677
In base 14, what is -5c9 - -11287?
10a9c
In base 9, what is -24 + 6783848?
6783824
In base 11, what is -182 + 16265?
16093
In base 12, what is -88 + -1432a?
-143b6
In base 5, what is 1244440124 - -434?
1244441113
In base 14, what is b18 - -6383?
709b
In base 5, what is -243442123 + 412?
-243441211
In base 4, what is -311300211 - 1?
-311300212
In base 5, what is -422324221 - 2044?
-422331320
In base 6, what is -20 + 432111050?
432111030
In base 6, what is -4103 - -1432515?
1424412
In base 7, what is 2 - -412345524?
412345526
In base 6, what is 3 - 1241031154?
-1241031151
In base 4, what is 102221033301120 - 2?
102221033301112
In base 14, what is -32 - 46a4b?
-46a7d
In base 12, what is 162 + -87810?
-8766a
In base 6, what is -314555242 - 0?
-314555242
In base 11, what is 1506 + -13550?
-12045
In base 6, what is 12 + -323443513?
-323443501
In base 7, what is 200626 + -56053?
111543
In base 5, what is 221331413 + 202?
221332120
In base 7, what is -2053032 - -526?
-2052203
In base 5, what is -1 - 1100134200?
-1100134201
In base 12, what is -60080 - 831?
-608b1
In base 7, what is 1314 - -216?
1533
In base 2, what is 1000101101011 - 1001111010010011?
-1000110100101000
In base 9, what is -1654626 - 17?
-1654644
In base 6, what is 122344115010 + -5?
122344115001
In base 3, what is -1100102 + 201112021?
200011212
In base 6, what is 244302 + 114415?
403121
In base 16, what is 12af + -169f4?
-15745
In base 11, what is 229787 - 21?
229766
In base 11, what is 6548a + -1419?
64071
In base 13, what is 1 + -24c43489?
-24c43488
In base 2, what is 11011100101110011010 + 100001?
11011100101110111011
In base 2, what is 1001011 - 10111101011110100001?
-10111101011101010110
In base 8, what is 204717 - -122?
205041
In base 16, what is 14 - -b174c?
b1760
In base 6, what is 1343553451 - -4?
1343553455
In base 5, what is 134 + 323434?
324123
In base 15, what is d + -1686a5?
-168697
In base 7, what is 2636 - -225?
3164
In base 6, what is 2123315 - 43503?
2035412
In base 4, what is -1303023021 + 1011?
-1303022010
In base 11, what is -43 + -7519a?
-75232
In base 9, what is -426882 + 236?
-426645
In base 9, what is 4081630071 + 3?
4081630074
In base 2, what is -1011001000111010110001 - -100000?
-1011001000111010010001
In base 6, what is -22434 - -25053?
2215
In base 16, what is -1 - 16df853?
-16df854
In base 2, what is -100001 + 10001100001001100101?
10001100001001000100
In base 7, what is 1 - 2406064?
-2406063
In base 13, what is -2bcbb1c + -5?
-2bcbb24
In base 16, what is -1cb3d + e44?
-1bcf9
In base 6, what is 1 + 151301310?
151301311
In base 12, what is -2 + 21324052?
21324050
In base 11, what is 402840 + -1?
40283a
In base 9, what is -115888562 - 0?
-115888562
In base 16, what is 243f - -b631?
da70
In base 11, what is -29 - a572a?
-a5758
In base 11, what is 581 + 71094?
71665
In base 4, what is -1 - -1223203322?
1223203321
In base 4, what is -122311132303 - 30?
-122311132333
In base 8, what is -6332 + 1451?
-4661
In base 4, what is 1 + -210233233133?
-210233233132
In base 8, what is 7 + 350124424?
350124433
In base 16, what is -4aefcd + 0?
-4aefcd
In base 12, what is -4 - -137371b?
1373717
In base 4, what is -1230 - -3310200011?
3310132121
In base 4, what is -121113021220302 + -1?
-121113021220303
In base 15, what is 65312b - 3?
653128
In base 12, what is 2 - 13459732?
-13459730
In base 10, what is -2388646 + 77?
-2388569
In base 7, what is -31450615 - -3?
-31450612
In base 4, what is -10101110230 + -31?
-10101110321
In base 5, what is -40 - -2441000334?
2441000244
In base 10, what is -147163031 + 3?
-147163028
In base 6, what is 3 - -543323240?
543323243
In base 6, what is 43245321 - 5?
43245312
In base 7, what is -2 + -21165250?
-21165252
In base 16, what is -4d6f21 + 2?
-4d6f1f
In base 12, what is -101a68b37 + -5?
-101a68b40
In base 11, what is -4 + -74597512?
-74597516
In base 8, what is -342166 + -107?
-342275
In base 14, what is 5 + 696881?
696886
In base 16, what is -5ab773 + -d6?
-5ab849
In base 4, what is -12 + 12120012120210?
12120012120132
In base 10, what is -5 + 59031873?
59031868
In base 2, what is -1111111 + 11001010101110011?
11001010011110100
In base 15, what is -4 - 10d9738?
-10d973c
In base 12, what is 1 - -12896727?
12896728
In base 4, what is -311000031322 - -30?
-311000031232
In base 15, what is -3 + -12ce1499?
-12ce149c
In base 7, what is 26502654 - -33?
26503020
In base 7, what is -3201 - 1465?
-4666
In ba